alculate r(-6).
40
Let n(k) = -k**3 - 17*k**2 - 16*k + 2. Let b be n(-16). Let t(h) = -3 + b + 9*h**2 - 12*h**2. Let o be (-2)/((-6)/(-9)*-3). Calculate t(o).
-4
Let w(d) = d**3 - 16*d**2 + 31*d - 18. Let m(p) = -117*p - 5602. Let n be m(-48). Determine w(n).
24
Suppose -h + 2 - 3 = 4*k, -8 = -h + 5*k. Let g(m) = 5 - m**2 - m + 17 - m**h - 19. Determine g(0).
3
Let r(w) = -3*w + 1911*w**2 - 636*w**2 - 24*w - 642*w**2 - 631*w**2 - 126. Determine r(-4).
14
Let d(f) = -5*f + f**3 + 3*f - 7257*f**2 + 7266*f**2 - 17. Calculate d(-9).
1
Let t(p) = -2*p**2 - 3*p**2 + p - p**2. Let m be (-228)/152 - 1/(-2). Give t(m).
-7
Suppose 278 - 284 = -2*r. Suppose -r*q + 20 = 7*q. Suppose -5*h = q*j - 11, 3 = -4*j + 5*j + 2*h. Let k(p) = -p**3 - 8*p**2 - 9*p - 5. Calculate k(j).
9
Suppose 522*v - 507*v = 0. Let s(p) = -p - 19. Calculate s(v).
-19
Let d(f) = 2*f**3 + 9911*f - 28 - 9870*f + 20*f**2 + 24*f**2. Determine d(-21).
-7
Let a be (84/(-18))/((-10)/(-825)). Let s = 383 + a. Let n(l) = l**2 + l + 1. Determine n(s).
3
Suppose -8*s = -d - 48, -42*d + 40*d - 24 = -4*s. Let q(g) = -13*g**2 + 2*g - 21. Let n(t) = 7*t**2 - t + 11. Let z(a) = 11*n(a) + 6*q(a). Determine z(d).
-5
Suppose 3*v - 96 = -2*m, m = 2*v - 6*v + 38. Let l(w) = -26 + 12*w - 3*w + w**2 + m - 23. What is l(-9)?
5
Let i(y) = -y**3 + 27*y**2 + 26*y + 34. Suppose -3641 = -88*n - 1177. Determine i(n).
-22
Let y(u) = u**3 - 39*u**2 + 39*u - 22. Let m be 262/7 + (80/30)/(14/3). Determine y(m).
16
Suppose -f = 1 + 4, 5 = l + 3*f. Suppose -l*o = -9*o. Let j(p) = p**3 + p + 6. Determine j(o).
6
Suppose 0 = -5*x - 5*p + 15, -2*x + 2 + 3 = p. Let w(z) = -11 - 636*z + 626*z + 3*z**2 - x*z**2. Calculate w(10).
-11
Let j(m) = -7*m - 16. Let i(t) = 11*t + 25. Let f(n) = 5*i(n) + 8*j(n). Let u = -1 - 4. Calculate f(u).
2
Let m(f) = 11*f**2 - 5*f - 1. Let t(y) = 5*y**2 - 3*y. Let q(n) = 2*m(n) - 5*t(n). Let w(c) = c**2 + 73*c + 465. Let u be w(-66). What is q(u)?
-14
Let m(x) = 8 + x - 1 + 3*x. Let u be ((-4)/8 - -1)/(81/(-324)). Give m(u).
-1
Suppose 4*c = -8, 0 = -5*q - 3*c - c - 58. Let k = -8 - q. Let r(z) be the second derivative of -5*z**3/3 - 3*z - 13. Calculate r(k).
-20
Let x(z) = -z + 6. Let g be (19 + -22)*(-4 - -3). Let v(y) = -7*y**2 + 27*y - 5. Let h be v(g). Determine x(h).
-7
Let l(o) = 47*o - 38. Let k(a) = -20*a + 20. Let h(v) = 5*k(v) + 2*l(v). Determine h(6).
-12
Let j be (-6)/(-21) + (-80)/35. Let i(b) = -10*b + 24. Let k be i(-5). Let m(x) = x - k*x**2 + x + 2 + 73*x**2. Give m(j).
-6
Let a(y) = -y**3 + 16*y**2 - 3*y - 10. Let l(d) = d**2 - d + 1. Let u(v) = a(v) - 5*l(v). Suppose 116*k - 1705 = 48*k - 87*k. Give u(k).
7
Let t(l) = 44*l + 10. Let h(c) = 16*c + 3. Let a(f) = -14*h(f) + 5*t(f). Suppose -3*y - 43 + 13 = 0. Let z = 16 + y. What is a(z)?
-16
Let o(h) = 2*h - 6. Let d be ((-52)/12 - -3)*-3. Suppose d*b + 5*g + 5 = 0, -b - g = -3*g - 15. Suppose -5*f = 0, b*s + 5*f + 4 = 39. What is o(s)?
8
Let k(y) = -y + 4. Let m(g) = 3. Let v be (27/(-18))/(11/(-4) - -2). Let i be v/4*8 + -1. Let b(u) = i*m(u) - 3*k(u). What is b(-6)?
-21
Let y be 160/112 + 4/7. Let b(p) = -2*p**3 + 5*p**2 - 8*p + 6. What is b(y)?
-6
Let c(p) = 214 - p**3 - 125 - p**3 - 111 + 11*p**2. Calculate c(5).
3
Let v be (-2)/(-4)*784/(-8). Let d be -4*-6*v/168. Let z(t) = -t - 3. Calculate z(d).
4
Suppose -1964 = 76*t + 164. Let o(q) = 2*q + 94. What is o(t)?
38
Suppose -18*t = 24*t - 75*t + 66. Let f(y) = y - 1. Let z(l) = -3*l + 7. Let p(w) = -5*f(w) - z(w). Determine p(t).
-6
Let j = -3 + 11. Let w(c) be the first derivative of 9*c - 1/4*c**4 + 8/3*c**3 - 1/2*c**2 - 243. Give w(j).
1
Suppose 56 = 4*d - 5*w, w - 361 + 357 = 0. Let j(v) be the second derivative of -1/3*v**3 + d*v + 0 - 4*v**2. What is j(-6)?
4
Let j(u) = -3*u**2 + 11*u + 2. Let w(t) = 13*t**2 - 60*t - 9. Let l(f) = 11*j(f) + 2*w(f). Determine l(-2).
-26
Let s(c) be the first derivative of 3*c**2 + 27*c + 4704. Give s(-6).
-9
Suppose 4*t + 8 = s, 5*s + 0*t + 5*t = -10. Let g be 49/(1/(1 + s)). Let b = -50 + g. Let i(v) = 12*v**3 + v. Give i(b).
-13
Let x(a) = -3*a**3 - 7*a**2 + 43*a + 117. Let t(d) = d**3 + 2*d**2 - 13*d - 39. Let r(h) = 10*t(h) + 3*x(h). Calculate r(0).
-39
Let i(w) = 7*w**2 + 3*w - 11. Let v(r) = r**2 - 1. Let d(c) = i(c) - 6*v(c). Let n be ((-14)/(-63))/(11/(-198)). Give d(n).
-1
Let t be (24/(-108))/((-1)/(11 - 2)). Let a(p) = -4*p**3 + 4*p**2 + 2 + t*p**3 + p + 2*p**3 - 4*p - p**3. What is a(3)?
2
Let b = 5 - 3. Suppose 0*w = -b*w. Let c(r) = 1 - 361*r**3 + 22 + 362*r**3. Calculate c(w).
23
Let z(v) = 3 + 5 - 9 + 7*v + 7*v - 19*v. Let i = 6 - 4. Suppose r - 1 + i = 0. Give z(r).
4
Let a = 14778 - 14762. Let f(c) = -c**3 + 17*c**2 - 19*c + 19. What is f(a)?
-29
Suppose z = -5*i + 141, 6*z = -3*i + 3*z + 87. Let n(u) = 2 - 3 - i*u + 0. Calculate n(-1).
27
Let x = 43 + -31. Let p(c) = 0*c - 12 - 4*c + x. Suppose -15 = 27*b - 42*b. Give p(b).
-4
Let l(d) be the first derivative of -d**5/20 - 5*d**4/12 - 2*d**3/3 + 15*d - 62. Let w(c) be the first derivative of l(c). Calculate w(-3).
-6
Let r(n) be the second derivative of n**4/24 + 2*n**3 + 93*n**2/2 - 43*n. Let g(o) be the first derivative of r(o). Determine g(-13).
-1
Suppose -6*d + 7*d = 112. Suppose 7*t = 392 - d. Let x(o) = 3*o + o**2 - 16 - 22 + t. Calculate x(-3).
2
Let j(p) = -p**3 - 10*p**2 - 28*p - 21. Let q be j(-7). Let l(w) = -w**2 + 25*w + 83. Calculate l(q).
-1
Let j(h) = -50 + 15*h - 51 + 47 + 60. Determine j(0).
6
Let u(q) = 111. Let i(j) = -10*j + 143. Let r(t) = -i(t) - 3*u(t). Calculate r(47).
-6
Let w(m) = -6*m**3 - 14*m**2 - 46*m - 91. Let t(x) = 4*x**3 + 10*x**2 + 30*x + 59. Let d(v) = 8*t(v) + 5*w(v). Give d(-4).
9
Suppose 24*l - 11 = t + 23*l, 4*t + l + 14 = 0. Let x(m) = m + 1. Let n(a) = 6. Let z(i) = -n(i) - x(i). Give z(t).
-2
Let q = -24878 + 24876. Let a(f) = -3 + 2*f**3 + 6 + 2*f + 0*f + 3*f**2. What is a(q)?
-5
Suppose 3*x - 3 = 3. Suppose -x*o = 5 + 3. Let p(d) = d**2 + 2*d + 15. Let q(g) = -g**2 - 3*g - 12. Let c(m) = 3*p(m) + 4*q(m). Give c(o).
5
Let p(x) = x**2 - 6*x + 4. Let y be (-1)/(-8 - (-78)/10). Suppose 9*m = y*m + 20. What is p(m)?
-1
Let f = 91 - 94. Let c(o) = -27 + 6 - 6*o + 17 - o**2 + 0. Calculate c(f).
5
Let y(j) be the second derivative of 2*j - 18 - 1/6*j**3 + 3/2*j**2. Calculate y(2).
1
Let i(m) be the first derivative of m**4/4 + 22*m**3/3 - m**2/2 - 48*m + 3833. Give i(-22).
-26
Let v(x) = x**2 - 2*x + 3. Let y be (17 + -34)/(1 + -2). Suppose -8*t - u = -4*t - 18, 4*u = -5*t + y. Determine v(t).
18
Let a(c) = -c - 1. Suppose 3*d - 3*i = -d - 31, -2*d = i + 23. Let j be d/(-85) + (-64)/(-34). What is a(j)?
-3
Let i = 2 - 2. Suppose -4*w = -3*d - 5, i = -3*d - 4*w + 4 + 7. Let r(b) = b**3 + 5*b**3 + 0 + 1. Calculate r(d).
7
Let k(g) = -g**2 + 8*g + 9. Suppose 79*b + 151 = 32*b + 574. What is k(b)?
0
Suppose 4*p + 1 = 21. Suppose -39 = 2*d - 45. Let t(w) = -2*w**2 - 5*w - 6. Let m(o) = o**2 + o + 1. Let n(h) = d*m(h) + t(h). Calculate n(p).
12
Let b(f) be the first derivative of 6*f**3 - 7*f**2 + 13*f + 9693. What is b(1)?
17
Let k(d) = 1 + d + d + 2*d. Let l = 36490 + -36491. Determine k(l).
-3
Let x(t) = -2*t**2 + 5*t**2 + 3*t - 4*t**2 - 8 + 3*t. Suppose -2*l = 4*j + 22, 2*j = -0*l - 3*l + 3. Give x(l).
-15
Let d = 2700 + -2692. Let u(l) = -8*l**2 + 6*l**3 + 13*l**3 - 18*l**3 - 7 + l**2 - 5*l. Calculate u(d).
17
Let w(h) = 12*h**2 + 2*h - 43. Let k(g) = -10*g**2 - g + 37. Let b(s) = 5*k(s) + 4*w(s). Calculate b(-4).
-31
Let w(p) = p**2 - 14*p - 11. Let n(x) = x - 6. Let r(g) = 2*n(g) + w(g). What is r(13)?
-10
Let b be 3/(-108)*6507/(-18) - 10. Let s(l) be the third derivative of -b*l**4 + 0 + 0*l + 7*l**2 + 2/3*l**3 - 1/120*l**6 + 0*l**5. What is s(0)?
4
Let n(q) = -6*q - 134. Let o be n(-19). Let j be (o/(-14))/((-15)/(-42)). Let k(v) = -2*v**2 + 5*v + 7. Calculate k(j).
-5
Let y(w) = -w + 2. Let b be (-9)/(-9) + (-3 + 4)*4*-2. Determine y(b).
9
Suppose 3*v = -d - 1, -2*d + 3 = -5*v - 6. Let a(h) = -4*h - d*h + 3*h + h**2 - 3*h. Determine a(3).
-9
Let a(x) = 7*x + 9. Let u(r) = 16*r + 18. Let s(v) = -7*a(v) + 3*u(v). Suppose -24 = 2*g - 2. Give s(g).
2
Let p(b) = -b**3 + 3*b**2 + b + 3. Suppose 5 = -2*w + 4*f - 11, 25 = 5*w + 3*f. Let n = w - -16. Let k = 21 - n. What is p(k)?
6
Let p(c) = -2*c**3 - 2*c**2 + c. Let a(n) =